{"id":1922,"date":"2025-09-05T12:11:11","date_gmt":"2025-09-05T10:11:11","guid":{"rendered":"https:\/\/www.actilev.fr\/corporate\/?page_id=1922"},"modified":"2025-09-12T16:31:18","modified_gmt":"2025-09-12T14:31:18","slug":"politique-de-confidentialites","status":"publish","type":"page","link":"https:\/\/www.actilev.fr\/corporate\/politique-de-confidentialites\/","title":{"rendered":"Politique de confidentialit\u00e9s"},"content":{"rendered":"<h4 data-start=\"263\" data-end=\"293\">Politique de confidentialit\u00e9<\/h4>\n<h5 data-start=\"295\" data-end=\"315\">1. Introduction<\/h5>\n<p data-start=\"316\" data-end=\"650\">La soci\u00e9t\u00e9 <strong data-start=\"327\" data-end=\"338\">Actilev<\/strong>, \u00e9ditrice du site <a class=\"decorated-link\" href=\"https:\/\/www.actilev.com?utm_source=chatgpt.com\" target=\"_new\" rel=\"noopener\" data-start=\"357\" data-end=\"399\">www.actilev.com<\/a>, accorde une grande importance \u00e0 la protection des donn\u00e9es personnelles et s\u2019engage \u00e0 assurer leur confidentialit\u00e9 et leur s\u00e9curit\u00e9 conform\u00e9ment au <strong data-start=\"548\" data-end=\"606\">R\u00e8glement G\u00e9n\u00e9ral sur la Protection des Donn\u00e9es (RGPD)<\/strong> et \u00e0 la l\u00e9gislation fran\u00e7aise en vigueur.<\/p>\n<p data-start=\"652\" data-end=\"803\">La pr\u00e9sente Politique a pour objet d\u2019informer les utilisateurs du Site sur la collecte, le traitement et l\u2019utilisation de leurs donn\u00e9es personnelles.<\/p>\n<hr data-start=\"805\" data-end=\"808\" \/>\n<h5 data-start=\"810\" data-end=\"836\">2. Donn\u00e9es collect\u00e9es<\/h5>\n<p data-start=\"837\" data-end=\"934\">Lors de votre utilisation du site, nous pouvons \u00eatre amen\u00e9s \u00e0 collecter les donn\u00e9es suivantes :<\/p>\n<ul data-start=\"935\" data-end=\"1349\">\n<li data-start=\"935\" data-end=\"1069\">\n<p data-start=\"937\" data-end=\"1069\"><strong data-start=\"937\" data-end=\"965\">Donn\u00e9es d\u2019identification<\/strong> : nom, pr\u00e9nom, adresse email, num\u00e9ro de t\u00e9l\u00e9phone, soci\u00e9t\u00e9 (via nos formulaires de contact ou devis).<\/p>\n<\/li>\n<li data-start=\"1070\" data-end=\"1229\">\n<p data-start=\"1072\" data-end=\"1229\"><strong data-start=\"1072\" data-end=\"1097\">Donn\u00e9es de navigation<\/strong> : adresse IP, type de navigateur, pages consult\u00e9es, dur\u00e9e de visite (via des cookies et outils d\u2019analyse comme Google Analytics).<\/p>\n<\/li>\n<li data-start=\"1230\" data-end=\"1349\">\n<p data-start=\"1232\" data-end=\"1349\"><strong data-start=\"1232\" data-end=\"1268\">Donn\u00e9es li\u00e9es \u00e0 la communication<\/strong> : \u00e9changes par email ou t\u00e9l\u00e9phone dans le cadre de nos relations commerciales.<\/p>\n<\/li>\n<\/ul>\n<hr data-start=\"1351\" data-end=\"1354\" \/>\n<h5 data-start=\"1356\" data-end=\"1386\">3. Finalit\u00e9 du traitement<\/h5>\n<p data-start=\"1387\" data-end=\"1445\">Les donn\u00e9es collect\u00e9es par Actilev sont utilis\u00e9es pour :<\/p>\n<ul data-start=\"1446\" data-end=\"1773\">\n<li data-start=\"1446\" data-end=\"1494\">\n<p data-start=\"1448\" data-end=\"1494\">Traiter vos demandes de contact ou de devis.<\/p>\n<\/li>\n<li data-start=\"1495\" data-end=\"1563\">\n<p data-start=\"1497\" data-end=\"1563\">Am\u00e9liorer la navigation et l\u2019exp\u00e9rience utilisateur sur le Site.<\/p>\n<\/li>\n<li data-start=\"1564\" data-end=\"1614\">\n<p data-start=\"1566\" data-end=\"1614\">R\u00e9aliser des analyses statistiques d\u2019audience.<\/p>\n<\/li>\n<li data-start=\"1615\" data-end=\"1716\">\n<p data-start=\"1617\" data-end=\"1716\">G\u00e9rer l\u2019envoi d\u2019informations commerciales ou de newsletters (uniquement avec votre consentement).<\/p>\n<\/li>\n<li data-start=\"1717\" data-end=\"1773\">\n<p data-start=\"1719\" data-end=\"1773\">Respecter nos obligations l\u00e9gales et r\u00e9glementaires.<\/p>\n<\/li>\n<\/ul>\n<hr data-start=\"1775\" data-end=\"1778\" \/>\n<h5 data-start=\"1780\" data-end=\"1813\">4. Base l\u00e9gale du traitement<\/h5>\n<p data-start=\"1814\" data-end=\"1879\">Les traitements de donn\u00e9es effectu\u00e9s par Actilev reposent sur :<\/p>\n<ul data-start=\"1880\" data-end=\"2165\">\n<li data-start=\"1880\" data-end=\"1944\">\n<p data-start=\"1882\" data-end=\"1944\">Votre <strong data-start=\"1888\" data-end=\"1904\">consentement<\/strong> (formulaires de contact, newsletter).<\/p>\n<\/li>\n<li data-start=\"1945\" data-end=\"2043\">\n<p data-start=\"1947\" data-end=\"2043\">L\u2019<strong data-start=\"1949\" data-end=\"1975\">ex\u00e9cution d\u2019un contrat<\/strong> ou de mesures pr\u00e9contractuelles (r\u00e9ponse \u00e0 une demande de devis).<\/p>\n<\/li>\n<li data-start=\"2044\" data-end=\"2085\">\n<p data-start=\"2046\" data-end=\"2085\">Le <strong data-start=\"2049\" data-end=\"2082\">respect d\u2019obligations l\u00e9gales<\/strong>.<\/p>\n<\/li>\n<li data-start=\"2086\" data-end=\"2165\">\n<p data-start=\"2088\" data-end=\"2165\">L\u2019<strong data-start=\"2090\" data-end=\"2110\">int\u00e9r\u00eat l\u00e9gitime<\/strong> d\u2019Actilev (mesure d\u2019audience, am\u00e9lioration du site).<\/p>\n<\/li>\n<\/ul>\n<hr data-start=\"2167\" data-end=\"2170\" \/>\n<h5 data-start=\"2172\" data-end=\"2201\">5. Dur\u00e9e de conservation<\/h5>\n<p data-start=\"2202\" data-end=\"2308\">Vos donn\u00e9es personnelles sont conserv\u00e9es uniquement pour la dur\u00e9e n\u00e9cessaire aux finalit\u00e9s poursuivies :<\/p>\n<ul data-start=\"2309\" data-end=\"2548\">\n<li data-start=\"2309\" data-end=\"2369\">\n<p data-start=\"2311\" data-end=\"2369\">Donn\u00e9es de contact : 3 ans \u00e0 compter du dernier \u00e9change.<\/p>\n<\/li>\n<li data-start=\"2370\" data-end=\"2492\">\n<p data-start=\"2372\" data-end=\"2492\">Donn\u00e9es commerciales (clients) : pendant la dur\u00e9e de la relation contractuelle puis archiv\u00e9es selon les d\u00e9lais l\u00e9gaux.<\/p>\n<\/li>\n<li data-start=\"2493\" data-end=\"2548\">\n<p data-start=\"2495\" data-end=\"2548\">Cookies et donn\u00e9es de navigation : 13 mois maximum.<\/p>\n<\/li>\n<\/ul>\n<hr data-start=\"2550\" data-end=\"2553\" \/>\n<h5 data-start=\"2555\" data-end=\"2588\">6. Destinataires des donn\u00e9es<\/h5>\n<p data-start=\"2589\" data-end=\"2894\">Les donn\u00e9es collect\u00e9es sont destin\u00e9es exclusivement \u00e0 Actilev et \u00e0 ses \u00e9quipes internes.<br data-start=\"2677\" data-end=\"2680\" \/>Elles peuvent \u00eatre transmises \u00e0 nos prestataires techniques (h\u00e9bergement, outils d\u2019emailing, maintenance) strictement dans le cadre des finalit\u00e9s d\u00e9crites.<br data-start=\"2835\" data-end=\"2838\" \/>En aucun cas, vos donn\u00e9es ne sont vendues \u00e0 des tiers.<\/p>\n<hr data-start=\"2896\" data-end=\"2899\" \/>\n<h5 data-start=\"2901\" data-end=\"2920\">7. H\u00e9bergement<\/h5>\n<p data-start=\"2921\" data-end=\"3012\">Le Site est h\u00e9berg\u00e9 par <strong data-start=\"2945\" data-end=\"2954\">IONOS<\/strong>, dont les serveurs sont situ\u00e9s dans l\u2019Union Europ\u00e9enne.<\/p>\n<hr data-start=\"3014\" data-end=\"3017\" \/>\n<h5 data-start=\"3019\" data-end=\"3034\">8. Cookies<\/h5>\n<p data-start=\"3035\" data-end=\"3074\">Le Site utilise des cookies afin de :<\/p>\n<ul data-start=\"3075\" data-end=\"3179\">\n<li data-start=\"3075\" data-end=\"3103\">\n<p data-start=\"3077\" data-end=\"3103\">Faciliter la navigation,<\/p>\n<\/li>\n<li data-start=\"3104\" data-end=\"3151\">\n<p data-start=\"3106\" data-end=\"3151\">R\u00e9aliser des statistiques de fr\u00e9quentation,<\/p>\n<\/li>\n<li data-start=\"3152\" data-end=\"3179\">\n<p data-start=\"3154\" data-end=\"3179\">Am\u00e9liorer nos services.<\/p>\n<\/li>\n<\/ul>\n<p data-start=\"3181\" data-end=\"3336\">Vous pouvez configurer votre navigateur pour accepter ou refuser les cookies.<br data-start=\"3258\" data-end=\"3261\" \/>Pour en savoir plus, consultez notre page d\u00e9di\u00e9e <strong data-start=\"3310\" data-end=\"3333\">Gestion des cookies<\/strong>.<\/p>\n<hr data-start=\"3338\" data-end=\"3341\" \/>\n<h5 data-start=\"3343\" data-end=\"3361\">9. Vos droits<\/h5>\n<p data-start=\"3362\" data-end=\"3450\">Conform\u00e9ment au RGPD, vous disposez des droits suivants sur vos donn\u00e9es personnelles :<\/p>\n<ul data-start=\"3451\" data-end=\"3658\">\n<li data-start=\"3451\" data-end=\"3505\">\n<p data-start=\"3453\" data-end=\"3505\">Droit d\u2019acc\u00e8s, de rectification et de suppression,<\/p>\n<\/li>\n<li data-start=\"3506\" data-end=\"3560\">\n<p data-start=\"3508\" data-end=\"3560\">Droit d\u2019opposition et de limitation du traitement,<\/p>\n<\/li>\n<li data-start=\"3561\" data-end=\"3603\">\n<p data-start=\"3563\" data-end=\"3603\">Droit \u00e0 la portabilit\u00e9 de vos donn\u00e9es,<\/p>\n<\/li>\n<li data-start=\"3604\" data-end=\"3658\">\n<p data-start=\"3606\" data-end=\"3658\">Droit de retirer votre consentement \u00e0 tout moment.<\/p>\n<\/li>\n<\/ul>\n<p data-start=\"3660\" data-end=\"3860\">Pour exercer vos droits, contactez-nous \u00e0 l\u2019adresse suivante :<\/p>\n<p data-start=\"3660\" data-end=\"3860\">\ud83d\udce9 <b>infos@actilev.com<\/b><br data-start=\"3793\" data-end=\"3796\" \/>\ud83d\udcee ou par courrier \u00e0 : <strong data-start=\"3819\" data-end=\"3858\">Actilev \u2013 112 bis Rue Haute de Crouin &#8211; 16100 COGNAC<\/strong><\/p>\n","protected":false},"excerpt":{"rendered":"<p>Politique de confidentialit\u00e9 1. Introduction La soci\u00e9t\u00e9 Actilev, \u00e9ditrice du site www.actilev.com, accorde une grande importance \u00e0 la protection des donn\u00e9es personnelles et s\u2019engage \u00e0 assurer leur confidentialit\u00e9 et leur s\u00e9curit\u00e9 conform\u00e9ment au R\u00e8glement G\u00e9n\u00e9ral sur la Protection des Donn\u00e9es (RGPD) et \u00e0 la l\u00e9gislation fran\u00e7aise en vigueur. La pr\u00e9sente Politique a pour objet d\u2019informer [&hellip;]<\/p>\n","protected":false},"author":3,"featured_media":0,"parent":0,"menu_order":0,"comment_status":"closed","ping_status":"closed","template":"","meta":{"footnotes":""},"class_list":["post-1922","page","type-page","status-publish","hentry"],"yoast_head":"<!-- This site is optimized with the Yoast SEO plugin v26.5 - https:\/\/yoast.com\/wordpress\/plugins\/seo\/ -->\n<title>Politique de confidentialit\u00e9s - Actilev Corporate<\/title>\n<meta name=\"robots\" content=\"index, follow, max-snippet:-1, max-image-preview:large, max-video-preview:-1\" \/>\n<link rel=\"canonical\" href=\"https:\/\/www.actilev.fr\/corporate\/politique-de-confidentialites\/\" \/>\n<meta property=\"og:locale\" content=\"fr_FR\" \/>\n<meta property=\"og:type\" content=\"article\" \/>\n<meta property=\"og:title\" content=\"Politique de confidentialit\u00e9s - Actilev Corporate\" \/>\n<meta property=\"og:description\" content=\"Politique de confidentialit\u00e9 1. Introduction La soci\u00e9t\u00e9 Actilev, \u00e9ditrice du site www.actilev.com, accorde une grande importance \u00e0 la protection des donn\u00e9es personnelles et s\u2019engage \u00e0 assurer leur confidentialit\u00e9 et leur s\u00e9curit\u00e9 conform\u00e9ment au R\u00e8glement G\u00e9n\u00e9ral sur la Protection des Donn\u00e9es (RGPD) et \u00e0 la l\u00e9gislation fran\u00e7aise en vigueur. La pr\u00e9sente Politique a pour objet d\u2019informer [&hellip;]\" \/>\n<meta property=\"og:url\" content=\"https:\/\/www.actilev.fr\/corporate\/politique-de-confidentialites\/\" \/>\n<meta property=\"og:site_name\" content=\"Actilev Corporate\" \/>\n<meta property=\"article:modified_time\" content=\"2025-09-12T14:31:18+00:00\" \/>\n<meta name=\"twitter:card\" content=\"summary_large_image\" \/>\n<meta name=\"twitter:label1\" content=\"Dur\u00e9e de lecture estim\u00e9e\" \/>\n\t<meta name=\"twitter:data1\" content=\"3 minutes\" \/>\n<script type=\"application\/ld+json\" class=\"yoast-schema-graph\">{\"@context\":\"https:\/\/schema.org\",\"@graph\":[{\"@type\":\"WebPage\",\"@id\":\"https:\/\/www.actilev.fr\/corporate\/politique-de-confidentialites\/\",\"url\":\"https:\/\/www.actilev.fr\/corporate\/politique-de-confidentialites\/\",\"name\":\"Politique de confidentialit\u00e9s - Actilev Corporate\",\"isPartOf\":{\"@id\":\"https:\/\/www.actilev.fr\/corporate\/#website\"},\"datePublished\":\"2025-09-05T10:11:11+00:00\",\"dateModified\":\"2025-09-12T14:31:18+00:00\",\"breadcrumb\":{\"@id\":\"https:\/\/www.actilev.fr\/corporate\/politique-de-confidentialites\/#breadcrumb\"},\"inLanguage\":\"fr-FR\",\"potentialAction\":[{\"@type\":\"ReadAction\",\"target\":[\"https:\/\/www.actilev.fr\/corporate\/politique-de-confidentialites\/\"]}]},{\"@type\":\"BreadcrumbList\",\"@id\":\"https:\/\/www.actilev.fr\/corporate\/politique-de-confidentialites\/#breadcrumb\",\"itemListElement\":[{\"@type\":\"ListItem\",\"position\":1,\"name\":\"Accueil\",\"item\":\"https:\/\/www.actilev.fr\/corporate\/\"},{\"@type\":\"ListItem\",\"position\":2,\"name\":\"Politique de confidentialit\u00e9s\"}]},{\"@type\":\"WebSite\",\"@id\":\"https:\/\/www.actilev.fr\/corporate\/#website\",\"url\":\"https:\/\/www.actilev.fr\/corporate\/\",\"name\":\"Actilev Corporate\",\"description\":\"\",\"publisher\":{\"@id\":\"https:\/\/www.actilev.fr\/corporate\/#organization\"},\"potentialAction\":[{\"@type\":\"SearchAction\",\"target\":{\"@type\":\"EntryPoint\",\"urlTemplate\":\"https:\/\/www.actilev.fr\/corporate\/?s={search_term_string}\"},\"query-input\":{\"@type\":\"PropertyValueSpecification\",\"valueRequired\":true,\"valueName\":\"search_term_string\"}}],\"inLanguage\":\"fr-FR\"},{\"@type\":\"Organization\",\"@id\":\"https:\/\/www.actilev.fr\/corporate\/#organization\",\"name\":\"Actilev Corporate\",\"url\":\"https:\/\/www.actilev.fr\/corporate\/\",\"logo\":{\"@type\":\"ImageObject\",\"inLanguage\":\"fr-FR\",\"@id\":\"https:\/\/www.actilev.fr\/corporate\/#\/schema\/logo\/image\/\",\"url\":\"https:\/\/www.actilev.fr\/corporate\/wp-content\/uploads\/2025\/07\/logo-1698857763.jpg\",\"contentUrl\":\"https:\/\/www.actilev.fr\/corporate\/wp-content\/uploads\/2025\/07\/logo-1698857763.jpg\",\"width\":419,\"height\":120,\"caption\":\"Actilev Corporate\"},\"image\":{\"@id\":\"https:\/\/www.actilev.fr\/corporate\/#\/schema\/logo\/image\/\"}}]}<\/script>\n<!-- \/ Yoast SEO plugin. -->","yoast_head_json":{"title":"Politique de confidentialit\u00e9s - Actilev Corporate","robots":{"index":"index","follow":"follow","max-snippet":"max-snippet:-1","max-image-preview":"max-image-preview:large","max-video-preview":"max-video-preview:-1"},"canonical":"https:\/\/www.actilev.fr\/corporate\/politique-de-confidentialites\/","og_locale":"fr_FR","og_type":"article","og_title":"Politique de confidentialit\u00e9s - Actilev Corporate","og_description":"Politique de confidentialit\u00e9 1. Introduction La soci\u00e9t\u00e9 Actilev, \u00e9ditrice du site www.actilev.com, accorde une grande importance \u00e0 la protection des donn\u00e9es personnelles et s\u2019engage \u00e0 assurer leur confidentialit\u00e9 et leur s\u00e9curit\u00e9 conform\u00e9ment au R\u00e8glement G\u00e9n\u00e9ral sur la Protection des Donn\u00e9es (RGPD) et \u00e0 la l\u00e9gislation fran\u00e7aise en vigueur. La pr\u00e9sente Politique a pour objet d\u2019informer [&hellip;]","og_url":"https:\/\/www.actilev.fr\/corporate\/politique-de-confidentialites\/","og_site_name":"Actilev Corporate","article_modified_time":"2025-09-12T14:31:18+00:00","twitter_card":"summary_large_image","twitter_misc":{"Dur\u00e9e de lecture estim\u00e9e":"3 minutes"},"schema":{"@context":"https:\/\/schema.org","@graph":[{"@type":"WebPage","@id":"https:\/\/www.actilev.fr\/corporate\/politique-de-confidentialites\/","url":"https:\/\/www.actilev.fr\/corporate\/politique-de-confidentialites\/","name":"Politique de confidentialit\u00e9s - Actilev Corporate","isPartOf":{"@id":"https:\/\/www.actilev.fr\/corporate\/#website"},"datePublished":"2025-09-05T10:11:11+00:00","dateModified":"2025-09-12T14:31:18+00:00","breadcrumb":{"@id":"https:\/\/www.actilev.fr\/corporate\/politique-de-confidentialites\/#breadcrumb"},"inLanguage":"fr-FR","potentialAction":[{"@type":"ReadAction","target":["https:\/\/www.actilev.fr\/corporate\/politique-de-confidentialites\/"]}]},{"@type":"BreadcrumbList","@id":"https:\/\/www.actilev.fr\/corporate\/politique-de-confidentialites\/#breadcrumb","itemListElement":[{"@type":"ListItem","position":1,"name":"Accueil","item":"https:\/\/www.actilev.fr\/corporate\/"},{"@type":"ListItem","position":2,"name":"Politique de confidentialit\u00e9s"}]},{"@type":"WebSite","@id":"https:\/\/www.actilev.fr\/corporate\/#website","url":"https:\/\/www.actilev.fr\/corporate\/","name":"Actilev Corporate","description":"","publisher":{"@id":"https:\/\/www.actilev.fr\/corporate\/#organization"},"potentialAction":[{"@type":"SearchAction","target":{"@type":"EntryPoint","urlTemplate":"https:\/\/www.actilev.fr\/corporate\/?s={search_term_string}"},"query-input":{"@type":"PropertyValueSpecification","valueRequired":true,"valueName":"search_term_string"}}],"inLanguage":"fr-FR"},{"@type":"Organization","@id":"https:\/\/www.actilev.fr\/corporate\/#organization","name":"Actilev Corporate","url":"https:\/\/www.actilev.fr\/corporate\/","logo":{"@type":"ImageObject","inLanguage":"fr-FR","@id":"https:\/\/www.actilev.fr\/corporate\/#\/schema\/logo\/image\/","url":"https:\/\/www.actilev.fr\/corporate\/wp-content\/uploads\/2025\/07\/logo-1698857763.jpg","contentUrl":"https:\/\/www.actilev.fr\/corporate\/wp-content\/uploads\/2025\/07\/logo-1698857763.jpg","width":419,"height":120,"caption":"Actilev Corporate"},"image":{"@id":"https:\/\/www.actilev.fr\/corporate\/#\/schema\/logo\/image\/"}}]}},"_links":{"self":[{"href":"https:\/\/www.actilev.fr\/corporate\/wp-json\/wp\/v2\/pages\/1922","targetHints":{"allow":["GET"]}}],"collection":[{"href":"https:\/\/www.actilev.fr\/corporate\/wp-json\/wp\/v2\/pages"}],"about":[{"href":"https:\/\/www.actilev.fr\/corporate\/wp-json\/wp\/v2\/types\/page"}],"author":[{"embeddable":true,"href":"https:\/\/www.actilev.fr\/corporate\/wp-json\/wp\/v2\/users\/3"}],"replies":[{"embeddable":true,"href":"https:\/\/www.actilev.fr\/corporate\/wp-json\/wp\/v2\/comments?post=1922"}],"version-history":[{"count":2,"href":"https:\/\/www.actilev.fr\/corporate\/wp-json\/wp\/v2\/pages\/1922\/revisions"}],"predecessor-version":[{"id":2058,"href":"https:\/\/www.actilev.fr\/corporate\/wp-json\/wp\/v2\/pages\/1922\/revisions\/2058"}],"wp:attachment":[{"href":"https:\/\/www.actilev.fr\/corporate\/wp-json\/wp\/v2\/media?parent=1922"}],"curies":[{"name":"wp","href":"https:\/\/api.w.org\/{rel}","templated":true}]}}